{"id":890,"date":"2016-02-20T21:31:46","date_gmt":"2016-02-20T19:31:46","guid":{"rendered":"http:\/\/www.blosari.com\/blosari\/?post_type=product&#038;p=890"},"modified":"2016-02-20T21:33:03","modified_gmt":"2016-02-20T19:33:03","slug":"minun-kultani-kaunis-on","status":"publish","type":"product","link":"https:\/\/www.blosari.com\/blosari\/product\/minun-kultani-kaunis-on\/","title":{"rendered":"Minun kultani kaunis on"},"content":{"rendered":"<p><strong>Minun kultani kaunis on<\/strong><\/p>\n<p>Samasta kappaleesta 2 eri vaikeusasteversiota 2,5 ja 3,5<br \/>\nParasta kansanmusiikkia t\u00e4h\u00e4n p\u00e4iv\u00e4\u00e4n. Lyyriset ja tanssilliset jaksot seuraavat toisiaan Esko Heikkisen ajatusten virrassa. Orkesterilla my\u00f6s pieni joukkolaulujakso. Teoksen helpompi versio oli puhallinorkestereiden SM-kilpailujen 2001 C-sarjan pakollinen kappale.<\/p>\n","protected":false},"excerpt":{"rendered":"<p><strong>Minun kultani kaunis on<\/strong> \u00a0\u00a0 Grade: 2,5\u00a0 ja 3,5<br \/>\nComposer: Trad.<br \/>\nArranger: Esko Heikkinen<a class=\"excerpt\" href=\"https:\/\/www.blosari.com\/blosari\/product\/minun-kultani-kaunis-on\/\">Read More<\/a><\/p>\n","protected":false},"featured_media":627,"comment_status":"closed","ping_status":"closed","template":"","meta":[],"_links":{"self":[{"href":"https:\/\/www.blosari.com\/blosari\/wp-json\/wp\/v2\/product\/890"}],"collection":[{"href":"https:\/\/www.blosari.com\/blosari\/wp-json\/wp\/v2\/product"}],"about":[{"href":"https:\/\/www.blosari.com\/blosari\/wp-json\/wp\/v2\/types\/product"}],"replies":[{"embeddable":true,"href":"https:\/\/www.blosari.com\/blosari\/wp-json\/wp\/v2\/comments?post=890"}],"wp:featuredmedia":[{"embeddable":true,"href":"https:\/\/www.blosari.com\/blosari\/wp-json\/wp\/v2\/media\/627"}],"wp:attachment":[{"href":"https:\/\/www.blosari.com\/blosari\/wp-json\/wp\/v2\/media?parent=890"}],"curies":[{"name":"wp","href":"https:\/\/api.w.org\/{rel}","templated":true}]}}