{"id":874,"date":"2016-02-20T20:07:00","date_gmt":"2016-02-20T18:07:00","guid":{"rendered":"http:\/\/www.blosari.com\/blosari\/?post_type=product&#038;p=874"},"modified":"2016-02-20T20:10:23","modified_gmt":"2016-02-20T18:10:23","slug":"latina","status":"publish","type":"product","link":"https:\/\/www.blosari.com\/blosari\/product\/latina\/","title":{"rendered":"Latina"},"content":{"rendered":"<p>Alunperin Torvikoplalle tehty\u00e4 lattarimeininki\u00e4 Ilppo Hiekkasen tapaan. Jyrki Koskisen ammattitaidolla puhallinorkesterille sovitettuna. Varma korvamato t\u00e4m\u00e4kin.<\/p>\n","protected":false},"excerpt":{"rendered":"<p><strong>Latina<\/strong>\u00a0\u00a0 Grade:3<br \/>\nComposer: Ilppo Hiekkanen<br \/>\nArranger: Jyrki Koskinen<a class=\"excerpt\" href=\"https:\/\/www.blosari.com\/blosari\/product\/latina\/\">Read More<\/a><\/p>\n","protected":false},"featured_media":627,"comment_status":"closed","ping_status":"closed","template":"","meta":[],"_links":{"self":[{"href":"https:\/\/www.blosari.com\/blosari\/wp-json\/wp\/v2\/product\/874"}],"collection":[{"href":"https:\/\/www.blosari.com\/blosari\/wp-json\/wp\/v2\/product"}],"about":[{"href":"https:\/\/www.blosari.com\/blosari\/wp-json\/wp\/v2\/types\/product"}],"replies":[{"embeddable":true,"href":"https:\/\/www.blosari.com\/blosari\/wp-json\/wp\/v2\/comments?post=874"}],"wp:featuredmedia":[{"embeddable":true,"href":"https:\/\/www.blosari.com\/blosari\/wp-json\/wp\/v2\/media\/627"}],"wp:attachment":[{"href":"https:\/\/www.blosari.com\/blosari\/wp-json\/wp\/v2\/media?parent=874"}],"curies":[{"name":"wp","href":"https:\/\/api.w.org\/{rel}","templated":true}]}}