{"id":859,"date":"2016-02-20T18:53:23","date_gmt":"2016-02-20T16:53:23","guid":{"rendered":"http:\/\/www.blosari.com\/blosari\/?post_type=product&#038;p=859"},"modified":"2019-01-03T23:48:35","modified_gmt":"2019-01-03T21:48:35","slug":"ankkuripuiston-mestarilaulajat","status":"publish","type":"product","link":"https:\/\/www.blosari.com\/blosari\/product\/ankkuripuiston-mestarilaulajat\/","title":{"rendered":"Ankkuripuiston mestarilaulajat"},"content":{"rendered":"<p>ANKKURIPUISTON MESTARILAULAJAT<\/p>\n<p>* Ankkuripuiston mestarilaulajat<br \/>\n* Tristan ja isois\u00e4<br \/>\n* Lent\u00e4v\u00e4 Kortelainen<\/p>\n<p>Timo Katilan upeat pikkukappaleet ovat rytmisesti yksinkertaisia, ne liikkuvat kvintin alueella (vaskilla c-g), noudattavat kaksoiskuoroperiaatetta jossa k\u00e4yd\u00e4\u00e4n vuoropuhelua, sek\u00e4 k\u00e4ytet\u00e4\u00e4n tuttia efektin\u00e4. Mink\u00e4\u00e4n stemman poisj\u00e4\u00e4minen ei ratkaisevasti vaikuta soivaan lopputulokseen.<\/p>\n","protected":false},"excerpt":{"rendered":"<p><strong>Ankkuripuiston mestarilaulajat<\/strong> \u00a0 Grade: 1<br \/>\nComposer: Timo Katila<br \/>\nSamassa paketissa kolme kappaletta<\/p>\n<p>* Ankkuripuiston mestarilaulajat<br \/>\n* Tristan ja isois\u00e4<br \/>\n* Lent\u00e4v\u00e4 Kortelainen<a class=\"excerpt\" href=\"https:\/\/www.blosari.com\/blosari\/product\/ankkuripuiston-mestarilaulajat\/\">Read More<\/a><\/p>\n","protected":false},"featured_media":626,"comment_status":"closed","ping_status":"closed","template":"","meta":[],"_links":{"self":[{"href":"https:\/\/www.blosari.com\/blosari\/wp-json\/wp\/v2\/product\/859"}],"collection":[{"href":"https:\/\/www.blosari.com\/blosari\/wp-json\/wp\/v2\/product"}],"about":[{"href":"https:\/\/www.blosari.com\/blosari\/wp-json\/wp\/v2\/types\/product"}],"replies":[{"embeddable":true,"href":"https:\/\/www.blosari.com\/blosari\/wp-json\/wp\/v2\/comments?post=859"}],"wp:featuredmedia":[{"embeddable":true,"href":"https:\/\/www.blosari.com\/blosari\/wp-json\/wp\/v2\/media\/626"}],"wp:attachment":[{"href":"https:\/\/www.blosari.com\/blosari\/wp-json\/wp\/v2\/media?parent=859"}],"curies":[{"name":"wp","href":"https:\/\/api.w.org\/{rel}","templated":true}]}}