{"id":638,"date":"2015-04-13T18:55:31","date_gmt":"2015-04-13T16:55:31","guid":{"rendered":"http:\/\/www.blosari.com\/blosari\/?product=marche-pour-la-ceremonie-des-turcs-turkkilainen-marssi-pdf"},"modified":"2015-04-13T18:57:43","modified_gmt":"2015-04-13T16:57:43","slug":"marche-pour-la-ceremonie-des-turcs-turkkilainen-marssi-pdf","status":"publish","type":"product","link":"https:\/\/www.blosari.com\/blosari\/product\/marche-pour-la-ceremonie-des-turcs-turkkilainen-marssi-pdf\/","title":{"rendered":"Marche pour la c\u00e9r\u00e9monie des Turcs &#8211; Turkkilainen marssi (PDF)"},"content":{"rendered":"<p>Musiikkia elokuvasta: Kaikki el\u00e4m\u00e4n aamut (Tous les matins du monde, Ranska 1991)<\/p>\n","protected":false},"excerpt":{"rendered":"<p>Marche pour la c\u00e9r\u00e9monie des Turcs &#8211; Turkkilainen marssi\u00a0 Grade: 3,5 Total time: 2&#8217;48&#8221;<\/p>\n<p>Composer: Jean-Baptiste Lully\u00a0 (1632-1687)<\/p>\n<p>Arranger: Hannu Raijas<\/p>\n<p><a target=\"_self\" class=\"button blue small\" href=\"http:\/\/www.blosari.com\/blosari\/wp-content\/uploads\/2015\/04\/TURKKILAINEN-MARSSI-Score-Sample.pdf\">Download sample<\/a><\/p>\n<p><a target=\"_self\" class=\"button red small\" href=\"http:\/\/www.blosari.com\/blosari\/wp-content\/uploads\/2015\/04\/turkkilainen-marssi.mp3\">Listen<\/a><a class=\"excerpt\" href=\"https:\/\/www.blosari.com\/blosari\/product\/marche-pour-la-ceremonie-des-turcs-turkkilainen-marssi-pdf\/\">Read More<\/a><\/p>\n","protected":false},"featured_media":622,"comment_status":"closed","ping_status":"closed","template":"","meta":[],"_links":{"self":[{"href":"https:\/\/www.blosari.com\/blosari\/wp-json\/wp\/v2\/product\/638"}],"collection":[{"href":"https:\/\/www.blosari.com\/blosari\/wp-json\/wp\/v2\/product"}],"about":[{"href":"https:\/\/www.blosari.com\/blosari\/wp-json\/wp\/v2\/types\/product"}],"replies":[{"embeddable":true,"href":"https:\/\/www.blosari.com\/blosari\/wp-json\/wp\/v2\/comments?post=638"}],"wp:featuredmedia":[{"embeddable":true,"href":"https:\/\/www.blosari.com\/blosari\/wp-json\/wp\/v2\/media\/622"}],"wp:attachment":[{"href":"https:\/\/www.blosari.com\/blosari\/wp-json\/wp\/v2\/media?parent=638"}],"curies":[{"name":"wp","href":"https:\/\/api.w.org\/{rel}","templated":true}]}}