{"id":1160,"date":"2018-01-13T21:32:37","date_gmt":"2018-01-13T19:32:37","guid":{"rendered":"http:\/\/www.blosari.com\/blosari\/?product=kolme-ensimmaista"},"modified":"2019-01-03T23:49:21","modified_gmt":"2019-01-03T21:49:21","slug":"kolme-ensimmaista","status":"publish","type":"product","link":"https:\/\/www.blosari.com\/blosari\/product\/kolme-ensimmaista\/","title":{"rendered":"Kolme ensimm\u00e4ist\u00e4"},"content":{"rendered":"<p>KOLME ENSIMM\u00c4IST\u00c4<br \/>\nkappaletta alkeispuhallinorkesterille<\/p>\n<p>I Preludium<br \/>\nII Interludium<br \/>\nIII Postludium<\/p>\n","protected":false},"excerpt":{"rendered":"<p><strong>Kolme ensimm\u00e4ist\u00e4 <\/strong>\u00a0 kappaletta alkeispuhallinorkesterille\u00a0 Grade: 0-1.<br \/>\nS\u00e4v. Timo Katila<br \/>\nSamassa paketissa\u00a0kolme pikkukappaletta<\/p>\n<p>I Preludium<br \/>\nII Interludium<br \/>\nIII Postludium<a class=\"excerpt\" href=\"https:\/\/www.blosari.com\/blosari\/product\/kolme-ensimmaista\/\">Read More<\/a><\/p>\n","protected":false},"featured_media":626,"comment_status":"closed","ping_status":"closed","template":"","meta":[],"_links":{"self":[{"href":"https:\/\/www.blosari.com\/blosari\/wp-json\/wp\/v2\/product\/1160"}],"collection":[{"href":"https:\/\/www.blosari.com\/blosari\/wp-json\/wp\/v2\/product"}],"about":[{"href":"https:\/\/www.blosari.com\/blosari\/wp-json\/wp\/v2\/types\/product"}],"replies":[{"embeddable":true,"href":"https:\/\/www.blosari.com\/blosari\/wp-json\/wp\/v2\/comments?post=1160"}],"wp:featuredmedia":[{"embeddable":true,"href":"https:\/\/www.blosari.com\/blosari\/wp-json\/wp\/v2\/media\/626"}],"wp:attachment":[{"href":"https:\/\/www.blosari.com\/blosari\/wp-json\/wp\/v2\/media?parent=1160"}],"curies":[{"name":"wp","href":"https:\/\/api.w.org\/{rel}","templated":true}]}}