{"id":1133,"date":"2017-08-28T10:25:49","date_gmt":"2017-08-28T08:25:49","guid":{"rendered":"http:\/\/www.blosari.com\/blosari\/?product=respect"},"modified":"2026-01-14T21:46:58","modified_gmt":"2026-01-14T19:46:58","slug":"respect","status":"publish","type":"product","link":"https:\/\/www.blosari.com\/blosari\/product\/respect\/","title":{"rendered":"Respect vol 1"},"content":{"rendered":"<span class=\"themecolor\"><\/span>\n<p><strong>Respect \u2013 Jazz in Finland \u2013 The Real Book vol 1<\/strong><\/p>\n<p>Suomalaiset jazzs\u00e4vellykset ovat nyt saaneet arvoisensa kodin.\u00a0\u00a0Pianisti Seppo Kantonen on koonnut kattavasti suomalaisten jazzs\u00e4velt\u00e4jien teoksia samaan kirjaan. Kirjasarjasta on tulossa nelj\u00e4osainen ja se on ensimm\u00e4inen lajiaan. Respect \u2013 Jazz in Finland 1. osa julkaistaan Viapori Jazz festivaalin yhteydess\u00e4 la 26.8.2017. Toinen osa julkaistaan vuoden 2018 aikana.<br \/>\n<strong>\u00a0<\/strong><br \/>\n<strong>Respect \u2013 Jazz in Finland \u2013 The Real Book\u00a0<\/strong>esittelee t\u00e4ll\u00e4 hetkell\u00e4 aktiivisesti toimivia s\u00e4velt\u00e4ji\u00e4. Ensimm\u00e4isen kirjan s\u00e4velt\u00e4j\u00e4listalta l\u00f6ytyv\u00e4t Olli Ahvenlahti, Kari Antila, Anni Elif Egecioglu, Linda Fredriksson, Iro Haarla, Aili Ikonen, Seppo Kantonen, Olavi Louhivuori, Mikko, Pellinen, Jari Perki\u00f6m\u00e4ki, Verneri Pohjola, Joonas Riippa, Aki Rissanen, Panu Savolainen, Arttu Takalo, Jukkis Uotila, Ville Vannemaa, Martti Vesala ja Teemu Viinikainen. Muutamassa sanoitetussa s\u00e4vellyksess\u00e4 teksteist\u00e4 vastaavat Kanerva Pasanen, William Davis ja Edith S\u00f6dergran.<img loading=\"lazy\" decoding=\"async\" class=\"alignright\" src=\"http:\/\/www.blosari.com\/blosari\/wp-content\/uploads\/2017\/08\/RespectOKTaka-2.png\" width=\"237\" height=\"279\" \/><\/p>\n<p>Jokainen s\u00e4velt\u00e4j\u00e4 sai itse valita kolme haluamaansa jazzs\u00e4vellyst\u00e4\u00e4n kirjaan. Seppo Kantonen editoi hyvinkin erilaisten teosten nuottikuvat linjakkaaksi kokonaisuudeksi ja graafikko Timo Saramaa viimeisteli kirjan luettavuuden. Hyv\u00e4 lis\u00e4 kirjan loppupuolella on levytysluettelo, jonka avulla on helppo l\u00f6yt\u00e4\u00e4 my\u00f6s soiva versio teoksista.\u00a0\u00a0117 -sivuinen kirja on A4-koossa ja se aukeaa helposti nuottitelineelle.<br \/>\nRespect \u2013 Jazz in Finland \u2013 The Real Book \u2013kirjan kustantaja on Blosari kustannus ja kirjan tekemisen on mahdollistanut Koneen s\u00e4\u00e4ti\u00f6 ja sit\u00e4 on tukenut my\u00f6s Suomen Jazzliitto.<\/p>\n<p><span style=\"color: #3366ff;\"><em>Kirjaa myy\u00a0mm. F-musiikki , Soitin Laine ja Ostinato<\/em><\/span><\/p>\n<p>&nbsp;<\/p>\n<p>&nbsp;<\/p>\n","protected":false},"excerpt":{"rendered":"<h3><strong>Respect <\/strong>Jazz in Finland <strong>The Real Book<\/strong>\u00a0 vol 1<\/h3>\n<h3>by <span style=\"color: #000000;\"><b>Seppo Kantonen<\/b><\/span><\/h3>\n<p><span style=\"color: #000000;\"><strong><em>(Kirjan hinta 36,27\u20ac +postitus 6\u20ac)<\/em><\/strong><\/span><\/p>\n<p>&nbsp;<a class=\"excerpt\" href=\"https:\/\/www.blosari.com\/blosari\/product\/respect\/\">Read More<\/a><\/p>\n","protected":false},"featured_media":1134,"comment_status":"closed","ping_status":"closed","template":"","meta":[],"product_brand":[],"product_cat":[20],"product_tag":[],"class_list":{"0":"post-1133","1":"product","2":"type-product","3":"status-publish","4":"has-post-thumbnail","6":"product_cat-books","8":"first","9":"instock","10":"shipping-taxable","11":"purchasable","12":"product-type-simple"},"_links":{"self":[{"href":"https:\/\/www.blosari.com\/blosari\/wp-json\/wp\/v2\/product\/1133","targetHints":{"allow":["GET"]}}],"collection":[{"href":"https:\/\/www.blosari.com\/blosari\/wp-json\/wp\/v2\/product"}],"about":[{"href":"https:\/\/www.blosari.com\/blosari\/wp-json\/wp\/v2\/types\/product"}],"replies":[{"embeddable":true,"href":"https:\/\/www.blosari.com\/blosari\/wp-json\/wp\/v2\/comments?post=1133"}],"wp:featuredmedia":[{"embeddable":true,"href":"https:\/\/www.blosari.com\/blosari\/wp-json\/wp\/v2\/media\/1134"}],"wp:attachment":[{"href":"https:\/\/www.blosari.com\/blosari\/wp-json\/wp\/v2\/media?parent=1133"}],"wp:term":[{"taxonomy":"product_brand","embeddable":true,"href":"https:\/\/www.blosari.com\/blosari\/wp-json\/wp\/v2\/product_brand?post=1133"},{"taxonomy":"product_cat","embeddable":true,"href":"https:\/\/www.blosari.com\/blosari\/wp-json\/wp\/v2\/product_cat?post=1133"},{"taxonomy":"product_tag","embeddable":true,"href":"https:\/\/www.blosari.com\/blosari\/wp-json\/wp\/v2\/product_tag?post=1133"}],"curies":[{"name":"wp","href":"https:\/\/api.w.org\/{rel}","templated":true}]}}