{"id":86,"date":"2014-09-13T18:16:12","date_gmt":"2014-09-13T16:16:12","guid":{"rendered":"http:\/\/www.blosari.com\/blosari\/?page_id=86"},"modified":"2019-06-13T17:58:38","modified_gmt":"2019-06-13T15:58:38","slug":"news","status":"publish","type":"page","link":"https:\/\/www.blosari.com\/blosari\/news\/","title":{"rendered":"HOW TO ORDER"},"content":{"rendered":"<p><strong>How to order from Blosari netstore <\/strong><\/p>\n<ul>\n<li style=\"list-style-type: none;\">\n<ul>\n<li>\u00a0Go to : \u00a0<strong><em>Products<\/em><\/strong><\/li>\n<li>\u00a0Choose the genre (e.g <strong><em>Wind Orchestra<\/em><\/strong>)<\/li>\n<li>\u00a0Choose either printable PDF (e.g. Baila! (PDF)) or already printed material (Baila!) which we will send you by mail<\/li>\n<li>\u00a0Put your shopping to cart by choosing <strong>&#8220;Add to Cart&#8221;.<\/strong><\/li>\n<li>After you&#8217;ve filled your shopping cart, go to the <strong>&#8220;Cart&#8221;<\/strong> at the top of each page. You&#8217;ll see the contents of the cart and can revise your order.<\/li>\n<li>When you have done your shopping, click on &#8220;<strong><em>Proceed to Checkout<\/em><\/strong><\/li>\n<li>\u00a0Give your contact information first. If you are buying printable PDF-notes for the first time, choose &#8220;<strong><em>Create an account&#8221;<\/em>. <\/strong>If you are buying only mailed material, it is not necessary to create My account).<\/li>\n<li>Choose &#8220;<strong><em>Place Order<\/em><\/strong> &#8221; in the bottom of <strong>Checkout<\/strong> page.<\/li>\n<li>Now you are in webpage of Finnish Web Payments (Paytrail). Pay with VISA or PayPal under <strong>OTHER PAYMENT METHODS in the bottom of the page.<\/strong><\/li>\n<li>You can print your PDFs : &#8220;<strong>My Account&#8221; -&gt; Available<\/strong> <strong>Downloads<\/strong>. You will also get download links with confirmation email.<\/li>\n<li><strong> <strong>Or <\/strong>We will send your material to the given address.<\/strong><\/li>\n<li>Please notice that you can use download links (including email links) two times.<\/li>\n<\/ul>\n<\/li>\n<\/ul>\n<p><strong>N\u00e4in teet tilauksen Blosarin nettikaupassa <\/strong><\/p>\n<ul>\n<li>\u00a0Valitse <strong><em>Products<\/em><\/strong><\/li>\n<li>\u00a0Valitse esim: puhallinorkesteri, eli <strong><em>Wind Orchestra<\/em><\/strong><\/li>\n<li>\u00a0Valitse ostettava nuotti, joko itse tulostettava PDF tai valmis nuottimateriaali, jonka me postitamme.<\/li>\n<li>\u00a0Siirr\u00e4 valitsemasi nuotit ostoskoriin, <em> <strong>Add to Cart<\/strong><\/em> \u2013 painonapista.<\/li>\n<li>\u00a0Katso ostoskorisi sis\u00e4lt\u00f6\u00e4 yl\u00e4reunan <strong><em>Cart <\/em><\/strong>\u2013 valikosta<\/li>\n<li>\u00a0Siirry maksamaan <strong><em>Proceed to Checkout<\/em><\/strong> \u2013 painonapista<\/li>\n<li>\u00a0Anna ensin yhteystietosi. Jos ostat itsetulostettavia pdf nuotteja ensimm\u00e4ist\u00e4 kertaa, niin pane merkki kohtaan <strong> Create an account. <\/strong>N\u00e4in sinulle syntyy <strong>My Account-<\/strong>tili, jonne ostamasi PDF-tulosteet siirtyv\u00e4t.\u00a0 Jos ostat vain postitettavia nuotteja sinun ei tarvitse v\u00e4ltt\u00e4m\u00e4tt\u00e4 luoda My Account \u2013tili\u00e4.<\/li>\n<li>\u00a0Paina <strong>Checkout <\/strong>-sivun alareunasta <strong><em>Place Order<\/em><\/strong> \u2013 painonappia.<\/li>\n<li>\u00a0Nyt olet siirtynyt Finnish Web Payments (Paytrail) sivulle. Jos et halua luoda Finnish Web Payments (Paytrail)-tili\u00e4,<strong> Voit menn\u00e4 suoraan sivun alareunassa kohtaan<\/strong> <strong>MUUT MAKSUTAVAT.<\/strong> <strong>Maksa normaalisti esim: VISA-kortilla, PayPalilla tai suomalaisten pankkien kautta. <\/strong><\/li>\n<li>\u00a0Siirry sivun yl\u00e4reunasta valikkoon<strong> MyAccount.<br \/>\n<\/strong>Voit tulostaa ostamasi teoksen <strong>Available Downloads<\/strong> \u2013otsikon alta. Saat latauslinkit tiedostoihin my\u00f6s maksuvahvistuksen yhteydess\u00e4 s\u00e4hk\u00f6postiisi.<\/li>\n<li><strong>Tai me l\u00e4het\u00e4mme nuotit antamaasi osoitteeseen. \u00a0\u00a0\u00a0<\/strong><\/li>\n<li>Kauppa antaa sinun varmuuden vuoksi tulostaa teoksen kaksi kertaa. Huomioithan, ett\u00e4 t\u00e4h\u00e4n lasketaan mukaan my\u00f6s s\u00e4hk\u00f6postin latauslinkkien k\u00e4ytt\u00f6.<\/li>\n<\/ul>\n<p><strong>\u00a0<\/strong><\/p>\n","protected":false},"excerpt":{"rendered":"<p>How to order from Blosari netstore \u00a0Go to : \u00a0Products \u00a0Choose the genre (e.g Wind Orchestra) \u00a0Choose either printable PDF (e.g. Baila! (PDF)) or already printed material (Baila!) which we will send you by mail \u00a0Put your shopping to cart by choosing &#8220;Add to Cart&#8221;. After you&#8217;ve filled your shopping cart, go to the &#8220;Cart&#8221; at the top of each page. You&#8217;ll see the contents of the cart and can &hellip;<a class=\"excerpt\" href=\"https:\/\/www.blosari.com\/blosari\/news\/\">Read More<\/a><\/p>\n","protected":false},"author":1,"featured_media":0,"parent":0,"menu_order":0,"comment_status":"closed","ping_status":"closed","template":"","meta":{"footnotes":""},"class_list":["post-86","page","type-page","status-publish","hentry"],"_links":{"self":[{"href":"https:\/\/www.blosari.com\/blosari\/wp-json\/wp\/v2\/pages\/86","targetHints":{"allow":["GET"]}}],"collection":[{"href":"https:\/\/www.blosari.com\/blosari\/wp-json\/wp\/v2\/pages"}],"about":[{"href":"https:\/\/www.blosari.com\/blosari\/wp-json\/wp\/v2\/types\/page"}],"author":[{"embeddable":true,"href":"https:\/\/www.blosari.com\/blosari\/wp-json\/wp\/v2\/users\/1"}],"replies":[{"embeddable":true,"href":"https:\/\/www.blosari.com\/blosari\/wp-json\/wp\/v2\/comments?post=86"}],"version-history":[{"count":46,"href":"https:\/\/www.blosari.com\/blosari\/wp-json\/wp\/v2\/pages\/86\/revisions"}],"predecessor-version":[{"id":1394,"href":"https:\/\/www.blosari.com\/blosari\/wp-json\/wp\/v2\/pages\/86\/revisions\/1394"}],"wp:attachment":[{"href":"https:\/\/www.blosari.com\/blosari\/wp-json\/wp\/v2\/media?parent=86"}],"curies":[{"name":"wp","href":"https:\/\/api.w.org\/{rel}","templated":true}]}}